))?
-14
What is 2 + 1 - -5 - (18 - (42 + -10))?
22
What is the value of 28 + -55 - (11 + -31 + 5)?
-12
Calculate (-40 - -41 - (-1 + -3 + -4)) + -25.
-16
What is (4 - (1 + -7 + 8)) + -6 - 15?
-19
Evaluate -47 + 1 + 40 + (0 - 2).
-8
What is -5 - -1 - ((18 - 7) + -11)?
-4
Calculate -18 + -8 + (-1 - -16) - 12.
-23
What is the value of -35 + (47 - 23) - (-30 - 1)?
20
What is the value of 0 + (-1 - 2 - 5) + -4?
-12
(0 - (-3 + 0)) + 9 - 7
5
Calculate 6 + (4 + 2 - 5) + 9.
16
Calculate 10 - (15 + (-4 - 5) + 15).
-11
Evaluate -4 + (4 - -1) + -1 + 104 + -127.
-23
What is (277 - 259) + -4 + 0?
14
Evaluate (-9 + 7 + 27 - (0 - -12)) + -7.
6
Evaluate 62 - 71 - (-1 + -10).
2
Evaluate 1 + (2 - (5 + -3)) + -166 + 170.
5
Calculate -41 + 5 + (-7 + 8 - 9) + 5.
-39
What is the value of (6 - (0 + -9 + 4)) + (-4 - -8)?
15
-9 - (-8 - (-26 - -12) - (3 + 1))
-11
-10 - (5 - ((-12 - -8) + 10))
-9
What is (-3 - -2) + 5 + -2 + 4 + 2?
8
Evaluate (-278 - -298) + -2 + -16.
2
-2 - -26 - (-17 - -78)
-37
What is -31 + -13 - -49 - (32 - (0 + -2))?
-29
Evaluate 24 + -16 + 30 + -42.
-4
What is the value of -534 + 544 - (0 + 19)?
-9
Evaluate 5 - (-1 + -10 + (10 - -1)).
5
What is the value of 8 - (-14 + 1 - (-25 - -20))?
16
What is the value of 7 - (1 + 11 - 13)?
8
(-1 - (0 + 6 + -11)) + 2 + -10
-4
Calculate -15 - (7 + -12) - -19.
9
Evaluate 3 - -2 - 2 - (682 + -700).
21
What is the value of (-1 + 1 - (18 + -6) - -4) + 4?
-4
Calculate 7 + (-1 - 0 - 2 - -9 - 10).
3
Evaluate 2 + (-1 - -1) - (-493 + 487).
8
15 + -41 + 12 + 9
-5
What is the value of 0 - -3 - (0 + 14 + -16 - -4)?
1
What is the value of -3 + -11 - -40 - (-1 + -3)?
30
What is the value of (-25 - -22) + (-1 - (-9 + (0 - -1)))?
4
What is (6 - (12 + -4)) + 3 - (9 + -15)?
7
What is -18 + (5 - -3) + (6 - -1) + 31?
28
Calculate (2 + -3 - 2) + 17 + -7 + -21.
-14
Calculate 28 + -24 + (2 - (2 - (0 - -3))).
7
Evaluate 104 - 39 - 26 - 12.
27
Calculate -1 + (2 - (4 - (-2 - -1))) - -5.
1
What is -4 - (20 + -51 - (-8 + -3 - -3))?
19
0 + -7 - ((-19 + 5 - -15) + -4)
-4
What is -29 + 62 + -25 + (3 - (35 + -2))?
-22
(2 + 9 - 12) + 36 + -32
3
What is 0 - (-6 + 3) - (18 + -26)?
11
What is -16 + (3 - 4) - -35?
18
Evaluate -60 + 24 + 36 - 17.
-17
-5 + (10 + (6 + -1 - 6) - -5)
9
What is -19 - -4 - ((-3 - -2) + (-1 - 1))?
-12
Evaluate 9 + -11 + (6 - 1) - -5.
8
What is -10 - (1 + 0 + (25 + -15 - 7))?
-14
Evaluate -52 + -8 + 10 + -15 + 25.
-40
What is the value of 0 + 33 + -6 - (12 - (6 - 5))?
16
Evaluate 1 - (-3 - -9) - -4 - (11 + -8).
-4
Evaluate 2 - (0 + (19 - 4)).
-13
What is -5 - ((4 - (-5 - -7)) + 2)?
-9
Calculate 4 + -2 + -6 + -2 + 2.
-4
What is the value of (19 - 30) + (0 - 0) + (6 - 5)?
-10
(5 - (-6 - -16)) + (-43 - -54)
6
What is the value of (-6 - -2) + -12 - (14 - 19)?
-11
What is -4 - 0 - (-18 - (9 - -2 - 8))?
17
Calculate 0 + (-1 - -12) + (93 - 96).
8
Evaluate (-1 + 0 - (-15 - -1 - -9)) + -8.
-4
Calculate 13 + (-31 - -1) + (5 - -2).
-10
Evaluate 87 - 86 - (-2 + -4).
7
10 - (6 + (6 - 4) + 7)
-5
What is the value of -168 + 185 + 0 + -10 + -3?
4
Evaluate (-1 - -2) + (22 - 3) + -18.
2
(348 - 361) + (-1 - -16)
2
Evaluate -10 - (54 + -36 - 19).
-9
(6 - -8) + -6 + -28 + 5
-15
Evaluate (20 - (7 - (9 - 8))) + -5.
9
Evaluate -8 - (-19 - (5 + -17)).
-1
What is -7 + -7 + 13 + 2 + (2 - 5)?
-2
Evaluate (-7 + 7 - -6) + -21.
-15
Calculate 21 + 1 + -22 - (2 + (1 - 3)).
0
-6 + (-39 + 31 - (-21 + 1))
6
(-5 - (4 + -16) - (6 + 2)) + 3
2
Evaluate ((-9 - 0) + 3 + 13 - 13) + 17.
11
What is the value of 16 + 11 + -25 + 7 + (11 - -1)?
21
Evaluate -8 + -11 + (-71 - -119).
29
What is 7 + 10 + -18 + -8?
-9
What is the value of (1 - 0) + (1 - 0) - (40 + -73)?
35
-5 - (1 + -15 + (-47 - -53))
3
What is 3 + (-19 - -1) + -2 + 11?
-6
Evaluate (-2 - 24) + (20 - (11 - 5 - -7)).
-19
Calculate 10 + (-6 - (7 - 2)) + 6.
5
Calculate -45 + -26 + 74 + 8.
11
Calculate 360 + -346 + -3 + -24 + -2.
-15
Evaluate 11 - (-2 - -19 - 5).
-1
Calculate 4 + (15 + -1 - 25).
-7
What is (34 - 12) + (7 - 4) + -10?
15
What is -7 + 15 - 19 - -11?
0
Evaluate (-1 + 0 - 0 - 2) + (2571 - 2575).
-7
-18 - (13 + -46 - -20)
-5
Evaluate -44 - (19 - -9 - 47).
-25
Calculate 3 - (-1 + -2) - (-31 - -38).
-1
What is the value of -2 + 4 - (-4 - -18) - (0 + -3)?
-9
What is -8 + (35 - 2) + -4 + -3?
18
(-3 - (9 + -1 + 4)) + -6
-21
Calculate -20 + 10 + 11 + -2 - -4.
3
What is (-104 - -65) + 46 + (-1 - 1 - -19)?
24
Evaluate 29 - 5 - (64 + -40).
0
What is (-21 - -18 - 5) + 20 + 1?
13
Evaluate 2 + -3 - -18 - -4.
21
What is (-2 - -5) + 5 - -4?
12
Evaluate (-6 - -18) + -18 + -8 + 18.
4
Evaluate -91 + 90 - (-12 - (-1 - -1)).
11
What is -205 + 234 + (-2 - 21)?
6
What is the value of -129 + 138 - (-1 + -11) - -13?
34
What is 13 + -21 + (-11 - -6) + 12?
-1
What is the value of (4 + -9 + 8 - 2) + -9 - -18?
10
What is the value of -2 + 18 + (18 - 39 - -20)?
15
What is the value of -14 - ((6 + -2 - 3) + -3)?
-12
What is -3 + (4 - (1 - 3) - (12 + 0))?
-9
What is 17 + (15 - 38) + 7?
1
Evaluate (-45 - -31) + -17 + 3 + -2.
-30
Evaluate -38 + (32 - -4) + (-2 - -3) + -30.
-31
What is 1 + 0 - (489 + -464)?
-24
What is 3 + -9 + (12 - (6 + 9))?
-9
Calculate 30 + 3 - (-180 + 189).
24
Calculate (-8 - 0) + (-41 - -37).
-12
Evaluate -34 - -17 - -35 - 6.
12
-2 - (5 + 3) - (7 + -13)
-4
What is the value of (13 + -4 - 23) + 19?
5
What is 17 - (11 - -1) - 9?
-4
What is 10 - (-24 - -15) - 15?
4
6 - (1 + -7 - (5 - 7) - -12)
-2
Calculate -8 + (2 + 9 - 6 - -6).
3
Calculate (5 - 8) + 6 + (25 - 15).
13
What is 8 + 1 + -1 - (4 - -7 - 38)?
35
Evaluate 2 - ((-14 - -3) + 17).
-4
What is the value of 1 - (-1 - (7 - (11 - -3)))?
-5
-2 + 2 + 1 - (-13 + (11 - -9))
-6
What is -1 - -7 - (4 + (-14 - -30)) - -5?
-9
Evaluate 7 - 5 - (4 + -4 - 3 - 2).
7
What is the value of -40 + 30 + 14 + -7?
-3
Evaluate (-4 + -1 - -13) + -2 + 5 + -7.
4
Evaluate 45 - 39 - (-2 - -7).
1
What is (-48 - -54) + -1 + -1 + -14?
-10
Evaluate (11 - (7 + 21)) + 2 + 4.
-11
(-2 - -4) + -22 + (30 - 36)
-26
What is (3 - 44) + -11 + (48 - 28)?
-32
What is 7 - ((-2 - -2) + (-14 - -7))?
14
Calculate (1 - (-9 + 17)) + 4 - 1.
-4
-7 + 2 - (-65 - -54)
6
Evaluate (-6 - (-3 - (9 - 14))) + (-1 - -1).
-8
Evaluate -12 + (-13 - -17) - -4.
-4
What is the value of -12 - ((-6 - 1) + (-11 - (16 - 37)))?
-15
What is the value of 0 + -3 + -10 - (-10 + 4 - 0)?
-7
Calculate (-15 + 2 - 1) + 28.
14
Calculate (7 - (-2 - -2)) + -3 + -20 + 1.
-15
Evaluate (-9 - 27) + 39 + -2 + 25.
26
1 + (-20 - -20) + -5 + 2
-2
What is (18 + -12 - -22) + -22?
6
1 + 2 - (-1 + (5 + -1 - -3))
-3
What is -11 + (6 - -1) - -9?
5
What is the value of -19 + (7 + 23 - 40)?
-29
What is 31 + -6 + -20 + 11?
16
Calculate -24 - -14 - (3 + -18).
5
Calculate (4 - -14) + -47 + 3 - -16.
-10
What is 7 + 14 + 11 + -19?
13
Evaluate -1 + (-9 - -34) - 33.
-9
10 + 5 + -9 + 1
7
0 + (0 - 0) + -1 + 17 + -27
-11
Calculate -18 - (-6 - 1) - (-7 - (-12 + 11)).
-5
What is the value of 2 - (6 - -5) - 1 - -23?
13
What is the value of -3 - -17 - (-845 - -835)?
24
-18 + -2 + 4 - -7
-9
Calculate 23 - (5 - (6 + (2 - 10))) - 3.
13
What is 30 + -5 + 0 + 5 - 9?
21
0 + -4 + (12 + -11 - 0) - 29
-32
Evaluate (6 - 4 - (0 - 4)) + (-9 - -16).
13
Evaluate -4 + -2 + (2 - 6) + -8 + 21.
3
What is the value of -2 - (4 - -3) - -5 - -11?
7
What is the value of (-9 - -1) + (50 - 79 - -36)?
-1
What is the value of -19 - (0 + -17 + 10)?
-12
-17 + -5 - (11 - 17)
-16
Evaluate 38 + 1 + -35 + 14.
18
-32 + 22 + 4 + 30
24
Evaluate (1 - (2 + (-4 + -6 - -3))) + -15.
-9
Evaluate (-2 - (4 - -4)) + (-1 + -14 - -15).
-10
Calculate (0 - (3 + (-4 - 3))) + (-42 - -27).
-11
Calculate -34 - -48 - ((0 - (3 - 0)) + 4).
13
Evaluate 187 + -169 - (0 - -3 - -2).
13
Calculate (1 - 13) + 22 + 9 - (2 + -4).
21
Calculate -10 + 20 - -22 - 27.
5
Calculate 7 - 2 - -1 - (-27 + 44 + -31).
20
What is the value of -8 + (5 - 0) + 12?
9
6 + 9 + -9 + 0 + 1 + -1
6
What is -5 - ((19 - 15) + -13)?
4
Calculate -1 - (1 + -8 + 9) - (-6 + 0).
3
14 - (-7 - (13 - (1 + 19)))
14
Calculate -24 - (-50 + 15 - -2).
9
-12 - (-1 - (2 - 1) - (438 + -442))
-14
What is the value of (-9 - 1 - 5) + 49 + -55?
-21
11 + 12 + -40 - -10
-7
-4 + (0 - (-15 + -8 + 14))
5
What is the value of (14 - (-14 + 22 + -3)) + (-11 - -1)?
-1
What is -18 + (-6 - -8) + (6 - (1 - -6))?
-17
Calculate (-40 - (-51 + 8)) + 3.
6
What is 2 + -1 + 16 - (-2593 + 2609)?
1
Wha